*t(k). What are the prime factors of i(h)?
31
Suppose 3*b - 10090 = -2*g, -5*b + 3*b + 6745 = 5*g. What are the prime factors of b?
2, 3, 5, 7
Let d = -192 + 231. Let u(o) = -3*o**3 - 2*o**2. Let r be u(-2). Let t = r + d. List the prime factors of t.
5, 11
Let t(c) = 2*c**2 + 2*c + 1. Let w be t(-4). Suppose 0 = -97*v + 94*v + 78. Let y = w + v. What are the prime factors of y?
3, 17
Suppose -5*b = -90 + 25. Suppose b - 58 = -3*z. What are the prime factors of z?
3, 5
Let u be ((-5)/(-2) + -3)*-332. Suppose u = 2*k - 46. List the prime factors of k.
2, 53
Let t(u) = u**2 + 3*u - 3. Let z be t(-3). Let o be -1 + (z + 2 - -16). Suppose 3*w - 5*y + 0 - o = 0, 5*w - 4*y = 45. What are the prime factors of w?
13
Suppose b - 4*b - 1360 = -4*c, 0 = 5*c - 2*b - 1693. What are the prime factors of c?
337
Let d = -7 + 9. Suppose h + 185 = r + d*h, -4*h = r - 197. List the prime factors of r.
181
Let a be ((-10)/4)/((-13)/234). Suppose 0 = 2*h + h - a. List the prime factors of h.
3, 5
Let m(l) be the first derivative of -l**4/4 + 5*l**3/3 + 5*l**2/2 + 8*l - 4. Let o be m(6). Suppose v + o = 21. What are the prime factors of v?
19
Suppose 29*m - 7 = 36*m. List the prime factors of 82 - m/((-4)/(-12)).
5, 17
Suppose -4*d + 2*d = -5*u + 30, 0 = -4*u + 2*d + 24. Suppose -u = -n - 0. List the prime factors of ((-4)/n)/((-5)/15).
2
Let v(m) = -5*m**3 + 2*m**2 - 10*m - 21. What are the prime factors of v(-4)?
7, 53
Let j(y) = 4*y**2 - 1. Let z be j(-1). Suppose z*q = -0*q + 234. What are the prime factors of q?
2, 3, 13
Suppose -s = -4 - 6. What are the prime factors of (-724)/(-8) - (s/(-4))/5?
7, 13
Suppose 1436 + 4889 = 5*s. What are the prime factors of s/20 + 1/(-4)?
3, 7
Suppose 4*y + 58 = -u - 2*u, 38 = -3*y - 5*u. Let p(b) = b**2 + 13*b - 14. List the prime factors of p(y).
2, 17
Let k = -1975 + 2951. List the prime factors of k.
2, 61
Suppose -4*w = 2*u - 3742, -4*u + 110 = 3*w - 2699. List the prime factors of w.
5, 11, 17
Suppose 4*z + 2 = -2*g, 4*g - 7*g = -5*z - 30. Suppose -g*o - 130 + 885 = 0. What are the prime factors of o?
151
Suppose -27 = -5*c + 5*v - 7, -4*v = -8. Let y(q) = 10*q + 14*q + c*q + 1. What are the prime factors of y(1)?
31
Let u(b) be the third derivative of -b**4/3 - b**3/2 - 3*b**2. What are the prime factors of u(-19)?
149
Suppose 2*o + 4*x = 0, -10 = -o + x - 5*x. List the prime factors of o/4*4*(-10)/4.
5
Let j(f) = 9*f - 5 + 3 - 8*f. Let i be j(4). List the prime factors of (2 + (-36)/(-8))*i.
13
What are the prime factors of (-6 - -6)/3 - -513?
3, 19
Let f = 1133 + -305. What are the prime factors of f?
2, 3, 23
Let r be (-55)/(-2) - (-1)/(-2). Let c(g) = g**3 - 5*g**2 - 13*g + 2. Let k be c(7). Suppose 12*p - r = k*p. List the prime factors of p.
3
Let t(x) = -x**3 + x - 2. Let l be t(2). List the prime factors of l/12 + 158/3.
2, 13
Let v(c) = c**2 - 17*c - 14. Let d be v(18). Let x be ((-2)/d)/(4/(-32)). Suppose -x*z - 5*t = -269, -51 = -z - 0*z + 2*t. List the prime factors of z.
61
Let r(c) = -c**3 - 5*c**2 + 6*c - 1. Let u be 0 + 0 + -2 - 4. Let j be r(u). List the prime factors of 11*(5 + j - 3).
11
Suppose 3*d - 57 = -4*m, -5*d + 103 = -m + 5*m. Let f = 69 - d. List the prime factors of f.
2, 23
Let k(x) = 2*x**3 + 5*x**2 + 2*x + 4. Let f(p) = -p**3 - 4*p**2 - 2*p - 5. Let s(q) = 3*f(q) + 2*k(q). What are the prime factors of s(5)?
2, 29
Let y = 1471 - 362. What are the prime factors of y?
1109
Let m(u) be the first derivative of 27*u**2/2 - 9*u - 2. Let f be m(5). Suppose q - 5*y - 4 = 2, 0 = 5*q - y - f. List the prime factors of q.
2, 13
Suppose 2*j + 53 = m, 5*j - 3*m + 16 = -117. Suppose 0*c - 152 = -4*c. Let n = c + j. What are the prime factors of n?
2, 3
Let c(u) = 5*u**2 - 13*u + 20. What are the prime factors of c(17)?
2, 311
Let j = 75 + 593. What are the prime factors of j?
2, 167
What are the prime factors of (-2586 + -2)*(-2 + -2 + 3)?
2, 647
Let g(w) = -w**2 - 6*w - 13. Let o be g(-8). Let y = o - -74. List the prime factors of y.
3, 5
Let v(x) = 3*x**2 - 89*x + 46. List the prime factors of v(44).
2, 3, 17, 19
Let s = -121 - -40. Let q = s + 87. List the prime factors of q.
2, 3
Let c = -1341 + 3388. List the prime factors of c.
23, 89
Let b = 5 - 2. Suppose 0 = -b*n + 71 + 73. List the prime factors of n.
2, 3
Suppose 2*d + x = -2*x + 23, 17 = 2*d + x. Suppose 2*m + 3 = d. Suppose 0 = -2*s - 4, s - m*s + 37 = 3*j. List the prime factors of j.
13
Let h = -68 + 88. Suppose 120 = u - h. List the prime factors of u.
2, 5, 7
Let c be 2/8 + 7/4. Let l be (-2210)/(-55) + 6/(-33). Suppose -l = -x - c. List the prime factors of x.
2, 19
Let x(u) = 2*u - 26. Let b be x(15). Suppose b*f = -4*m + 60, -2*m + 95 = 3*m + f. List the prime factors of m.
2, 5
Let a(l) = -l**3 - 2*l**2 + 1371. List the prime factors of a(0).
3, 457
Suppose 5*h - 40 = -4*f, 10 = -0*f + 2*f. Let a be 6/(-1 - -3) + 2. Suppose -n + 151 = 2*n - h*i, 3*i = -a*n + 213. List the prime factors of n.
3, 5
Suppose -3*i - 3*g - g - 750 = 0, 0 = 3*i - 2*g + 750. Let q = i + 477. What are the prime factors of q?
227
Suppose 0 = 3*r + 2*r - 35. Let t(n) = n**3 - 4*n**2 - 11*n - 3. Let q be t(6). Let y = r - q. List the prime factors of y.
2
Let c(m) = 0 + m**2 + 9 - 2 + 0*m**2 + 4*m. Let i(o) = -6*o**3 + o**2 - 2*o + 1. Let u be i(1). List the prime factors of c(u).
19
Suppose 138*a - 6350 = 134*a - 2*h, 0 = 2*a + 2*h - 3178. What are the prime factors of a?
2, 13, 61
Suppose -5*q - 4*f - 2 + 16 = 0, -3*f = 2*q - 7. Let x = 2 - q. Suppose 0 = -2*o + 16 - x. What are the prime factors of o?
2
Let g(x) = -x + 1. Let k(b) = -b**3 - 15*b**2 + 24*b - 25. Let a(m) = -6*g(m) - k(m). Let h = -9 + -7. List the prime factors of a(h).
3, 17
Let b(m) = 188*m**2 - 71*m + 3. What are the prime factors of b(-4)?
5, 659
Suppose 157 = 11*y + 14. Suppose -2*j = 3*s - y, j - 7 = -s - j. What are the prime factors of s?
3
Let d be 3/((-6)/(-22) - 0). Suppose d = 2*f - 3*f. Let y = 30 + f. List the prime factors of y.
19
Let a = 274 + -196. Suppose 0 = -3*u + a + 102. Suppose 4*c = 6*c - u. What are the prime factors of c?
2, 3, 5
Let i(l) = 2*l**2. Let m(f) = -f. Let d be m(0). Suppose z - 1 = -d*z. What are the prime factors of i(z)?
2
Let n be 297/(-3)*(-66)/9. Let g = n + -488. What are the prime factors of g?
2, 7, 17
Let t be -4 + 4 + 1*3. List the prime factors of (t - (-1 + -40)) + -2.
2, 3, 7
Let b(w) be the first derivative of -w**4/2 + 9*w**3 - 2*w**2 - 4*w + 20. List the prime factors of b(13).
113
What are the prime factors of (431 - 1) + (-96)/(-16)?
2, 109
Suppose -484*j + 494*j = 20360. What are the prime factors of j?
2, 509
Suppose 5*h - 27 = 5*x - 12, 0 = -2*h - 3*x + 31. Suppose h*b + 340 = 13*b. List the prime factors of b.
2, 17
Suppose -q = 3*i - 4*q, -3*i = 5*q + 24. Let d = i + 10. Let x = 23 + d. List the prime factors of x.
2, 3, 5
Suppose -2*i + 2*y + 8 = 4*y, 5*y - 14 = -2*i. Suppose -n = -i - 1. Suppose -25 = 5*t, -3*t - 5 = n*h + t. What are the prime factors of h?
5
Suppose -5*l + 39 = 3*m, -5 = -l - 0*m - 2*m. Let h = l - -45. What are the prime factors of h?
2, 3
Let v = -19 + 31. Suppose -v = 8*t - 14*t. List the prime factors of t.
2
Let k(c) = c - 5. Suppose -28 = -4*w - 0*w. Let z(v) = 3*v - 16. Let h(q) = w*k(q) - 2*z(q). List the prime factors of h(5).
2
Let p = -17 - -20. Suppose -p - 30 = -3*a. List the prime factors of a.
11
Let g be (-10)/55 - 6/(-33). Suppose -h - 2*x + 50 - 9 = g, 0 = 3*h - x - 109. What are the prime factors of h?
37
Let n be (-30)/(-255) + (-138)/17. Let y be 4/10 - (-51)/(-15). List the prime factors of (-26)/y - n/24.
3
Let v(w) = -w**3 - 2*w**2 + w. Let d be v(-5). Suppose -4*x = -7*x + 15. Suppose -2*i - p = -62, x*i - d - 85 = -2*p. What are the prime factors of i?
31
Let r = -943 - -950. Let u(w) = 50*w - 50. Let d(s) = -7*s + 7. Let a(l) = -15*d(l) - 2*u(l). What are the prime factors of a(r)?
2, 3, 5
Suppose 12160 = 11*t + 1930. List the prime factors of t.
2, 3, 5, 31
Let k be (0 + -2 - 1) + 4. Let o be (k/(-1))/(-1)*15. Let c = o - 9. List the prime factors of c.
2, 3
List the prime factors of 140/40 - (-30)/4.
11
Suppose c = 0, -3*c + 2 + 6 = -2*t. List the prime factors of (-19)/(92/24 + t).
2, 3, 19
Suppose -12*u = 4115 - 25151. What are the prime factors of u?
1753
Let a be 2/17 + 